{"id":143,"date":"2018-12-16T21:39:54","date_gmt":"2018-12-16T21:39:54","guid":{"rendered":"https:\/\/lfss-sahin.com\/?page_id=143"},"modified":"2023-11-20T10:04:11","modified_gmt":"2023-11-20T10:04:11","slug":"iletisim","status":"publish","type":"page","link":"https:\/\/lfss-sahin.com\/?page_id=143","title":{"rendered":"\u0130LET\u0130\u015e\u0130M"},"content":{"rendered":"<div id='av_section_1'  class='avia-section av-jprhaalf-4e60c6a67851019ba7a9776b1a261d32 main_color avia-section-small avia-no-border-styling  avia-builder-el-0  el_before_av_section  avia-builder-el-first  av-desktop-hide av-medium-hide avia-bg-style-scroll container_wrap sidebar_left'  ><div class='container av-section-cont-open' ><main  role=\"main\" itemprop=\"mainContentOfPage\"  class='template-page content  av-content-small units'><div class='post-entry post-entry-type-page post-entry-143'><div class='entry-content-wrapper clearfix'>\n<div  class='avia-buttonrow-wrap av-jprhck5i-4a64c23c5b8ddd18c4c772dda6d51f5c avia-buttonrow-center  avia-builder-el-1  avia-builder-el-no-sibling '>\n\n<style type=\"text\/css\" data-created_by=\"avia_inline_auto\" id=\"style-css-av-dxybr-afeb3947b9497d41f8b8e0f5479e3025\">\n#top #wrap_all .avia-button.av-dxybr-afeb3947b9497d41f8b8e0f5479e3025{\nbackground-color:#35626d;\nborder-color:#35626d;\ncolor:#ffffff;\ntransition:all 0.4s ease-in-out;\nmargin-bottom:5px;\nmargin-right:3px;\nmargin-left:3px;\n}\n<\/style>\n<a href='https:\/\/www.google.com\/maps\/dir\/\/LFSS+%C5%9Eahin+Makina,+Hasana+OSB+Mah.+(HOSAB)+6.Cad.+No:6,+16280+Nil%C3%BCfer%2FBursa,+T%C3%BCrkiye\/@40.1782713,28.7816181,18z\/data=!4m16!1m6!3m5!1s0x14ca15e8abb12cff:0xac784de4f3115cc8!2sLFSS+%C5%9Eahin+Makina!8m2!3d40.1786448!4d28.78242!4m8!1m0!1m5!1m1!1s0x14ca15e8abb12cff:0xac784de4f3115cc8!2m2!1d28.78242!2d40.1786448!3e2' class='avia-button av-dxybr-afeb3947b9497d41f8b8e0f5479e3025 avia-icon_select-yes-left-icon avia-size-medium' target=\"_blank\" rel=\"noopener noreferrer\"><span class='avia_button_icon avia_button_icon_left ' aria-hidden='true' data-av_icon='\ue81c' data-av_iconfont='linefont'><\/span><span class='avia_iconbox_title' >YOL TAR\u0130F\u0130<\/span><\/a>\n\n<style type=\"text\/css\" data-created_by=\"avia_inline_auto\" id=\"style-css-av-d55af-53dea554768aa80ead8ab1ee95fc1a6a\">\n#top #wrap_all .avia-button.av-d55af-53dea554768aa80ead8ab1ee95fc1a6a{\nbackground-color:#35626d;\nborder-color:#35626d;\ncolor:#ffffff;\ntransition:all 0.4s ease-in-out;\nmargin-bottom:5px;\nmargin-right:3px;\nmargin-left:3px;\n}\n<\/style>\n<a href='tel:+90 224 245 9107' class='avia-button av-d55af-53dea554768aa80ead8ab1ee95fc1a6a avia-icon_select-yes-left-icon avia-size-medium' target=\"_blank\" rel=\"noopener noreferrer\"><span class='avia_button_icon avia_button_icon_left ' aria-hidden='true' data-av_icon='\ue81a' data-av_iconfont='linefont'><\/span><span class='avia_iconbox_title' >B\u0130Z\u0130 ARAYIN<\/span><\/a>\n<\/div>\n\n<\/div><\/div><\/main><!-- close content main element --><\/div><\/div>\n<style type=\"text\/css\" data-created_by=\"avia_inline_auto\" id=\"style-css-av-jprgplr9-452dfaac58257e2fe2319c806e4e1b69\">\n.avia-section.av-jprgplr9-452dfaac58257e2fe2319c806e4e1b69{\nbackground-color:#ffffff;\nbackground-image:unset;\n}\n<\/style>\n<div id='av_section_2'  class='avia-section av-jprgplr9-452dfaac58257e2fe2319c806e4e1b69 main_color avia-section-small avia-no-border-styling  avia-builder-el-2  el_after_av_section  el_before_av_hr  avia-bg-style-scroll container_wrap sidebar_left'  ><div class='container av-section-cont-open' ><div class='template-page content  av-content-small units'><div class='post-entry post-entry-type-page post-entry-143'><div class='entry-content-wrapper clearfix'>\n\n<style type=\"text\/css\" data-created_by=\"avia_inline_auto\" id=\"style-css-av-azkun-86361fa42f491670f2c600c5274da017\">\n.flex_column.av-azkun-86361fa42f491670f2c600c5274da017{\nborder-radius:0px 0px 0px 0px;\npadding:0px 0px 0px 0px;\n}\n<\/style>\n<div  class='flex_column av-azkun-86361fa42f491670f2c600c5274da017 av_one_third  avia-builder-el-3  el_before_av_one_fifth  avia-builder-el-first  first flex_column_div av-zero-column-padding  '     ><style type=\"text\/css\" data-created_by=\"avia_inline_auto\" id=\"style-css-av-jprgp77u-698ba033f052c18749f2e2e46b53297d\">\n.iconbox.av-jprgp77u-698ba033f052c18749f2e2e46b53297d .iconbox_icon{\nbackground-color:#11aaa8;\ncolor:#ffffff;\n}\n<\/style>\n<article  class='iconbox iconbox_top av-jprgp77u-698ba033f052c18749f2e2e46b53297d av-no-box  avia-builder-el-4  avia-builder-el-no-sibling '  itemscope=\"itemscope\" itemtype=\"https:\/\/schema.org\/CreativeWork\" ><div class=\"iconbox_content\"><header class=\"entry-content-header\"><div class=\"iconbox_icon heading-color\" aria-hidden='true' data-av_icon='\ue81c' data-av_iconfont='linefont'><\/div><h3 class='iconbox_content_title '  itemprop=\"headline\" >Hasana\u011fa OSB Mahallesi 6. Cadde No:6 16280 Nil\u00fcfer \/ BURSA \/ T\u00dcRK\u0130YE<\/h3><\/header><div class='iconbox_content_container '  itemprop=\"text\" ><\/div><\/div><footer class=\"entry-footer\"><\/footer><\/article><\/div>\n<style type=\"text\/css\" data-created_by=\"avia_inline_auto\" id=\"style-css-av-azkun-a3e111040ddf0ed0485191c54fb8903b\">\n.flex_column.av-azkun-a3e111040ddf0ed0485191c54fb8903b{\nborder-radius:0px 0px 0px 0px;\npadding:10px 10px 10px 10px;\nbackground-color:#fafafa;\n}\n<\/style>\n<div  class='flex_column av-azkun-a3e111040ddf0ed0485191c54fb8903b av_one_fifth  avia-builder-el-5  el_after_av_one_third  el_before_av_one_fifth  flex_column_div  '     ><style type=\"text\/css\" data-created_by=\"avia_inline_auto\" id=\"style-css-av-jprgp77u-e0b98edc79d69d5fd130d0f2e32569d1\">\n.iconbox.av-jprgp77u-e0b98edc79d69d5fd130d0f2e32569d1 .iconbox_icon{\nbackground-color:#11aaa8;\ncolor:#ffffff;\n}\n<\/style>\n<article  class='iconbox iconbox_top av-jprgp77u-e0b98edc79d69d5fd130d0f2e32569d1 av-no-box  avia-builder-el-6  avia-builder-el-no-sibling '  itemscope=\"itemscope\" itemtype=\"https:\/\/schema.org\/CreativeWork\" ><div class=\"iconbox_content\"><header class=\"entry-content-header\"><div class=\"iconbox_icon heading-color\" aria-hidden='true' data-av_icon='\ue81a' data-av_iconfont='linefont'><\/div><h3 class='iconbox_content_title '  itemprop=\"headline\" ><a href='tel:+90 224 245 9107' title='+90 224 245 9107' target=\"_blank\" rel=\"noopener noreferrer\">+90 224 245 9107<\/a><\/h3><\/header><div class='iconbox_content_container '  itemprop=\"text\" ><\/div><\/div><footer class=\"entry-footer\"><\/footer><\/article><\/div>\n<style type=\"text\/css\" data-created_by=\"avia_inline_auto\" id=\"style-css-av-azkun-a3e111040ddf0ed0485191c54fb8903b\">\n.flex_column.av-azkun-a3e111040ddf0ed0485191c54fb8903b{\nborder-radius:0px 0px 0px 0px;\npadding:10px 10px 10px 10px;\nbackground-color:#fafafa;\n}\n<\/style>\n<div  class='flex_column av-azkun-a3e111040ddf0ed0485191c54fb8903b av_one_fifth  avia-builder-el-7  el_after_av_one_fifth  el_before_av_one_fifth  flex_column_div  '     ><style type=\"text\/css\" data-created_by=\"avia_inline_auto\" id=\"style-css-av-jprgp77u-8575886fa514b8edb9b21c548c6992fd\">\n.iconbox.av-jprgp77u-8575886fa514b8edb9b21c548c6992fd .iconbox_icon{\nbackground-color:#11aaa8;\ncolor:#ffffff;\n}\n<\/style>\n<article  class='iconbox iconbox_top av-jprgp77u-8575886fa514b8edb9b21c548c6992fd av-no-box  avia-builder-el-8  avia-builder-el-no-sibling '  itemscope=\"itemscope\" itemtype=\"https:\/\/schema.org\/CreativeWork\" ><div class=\"iconbox_content\"><header class=\"entry-content-header\"><div class=\"iconbox_icon heading-color\" aria-hidden='true' data-av_icon='\ue82b' data-av_iconfont='linefont'><\/div><h3 class='iconbox_content_title '  itemprop=\"headline\" >+90 224 249 49 65<\/h3><\/header><div class='iconbox_content_container '  itemprop=\"text\" ><\/div><\/div><footer class=\"entry-footer\"><\/footer><\/article><\/div>\n<style type=\"text\/css\" data-created_by=\"avia_inline_auto\" id=\"style-css-av-azkun-a3e111040ddf0ed0485191c54fb8903b\">\n.flex_column.av-azkun-a3e111040ddf0ed0485191c54fb8903b{\nborder-radius:0px 0px 0px 0px;\npadding:10px 10px 10px 10px;\nbackground-color:#fafafa;\n}\n<\/style>\n<div  class='flex_column av-azkun-a3e111040ddf0ed0485191c54fb8903b av_one_fifth  avia-builder-el-9  el_after_av_one_fifth  avia-builder-el-last  flex_column_div  '     ><style type=\"text\/css\" data-created_by=\"avia_inline_auto\" id=\"style-css-av-jprgp77u-d245db7d59708a781f5220ea9fbc84ad\">\n.iconbox.av-jprgp77u-d245db7d59708a781f5220ea9fbc84ad .iconbox_icon{\nbackground-color:#11aaa8;\ncolor:#ffffff;\n}\n<\/style>\n<article  class='iconbox iconbox_top av-jprgp77u-d245db7d59708a781f5220ea9fbc84ad av-no-box  avia-builder-el-10  avia-builder-el-no-sibling '  itemscope=\"itemscope\" itemtype=\"https:\/\/schema.org\/CreativeWork\" ><div class=\"iconbox_content\"><header class=\"entry-content-header\"><div class=\"iconbox_icon heading-color\" aria-hidden='true' data-av_icon='\ue817' data-av_iconfont='linefont'><\/div><h3 class='iconbox_content_title '  itemprop=\"headline\" ><a href='mailto:info@lfss-sahin.com' title='info@lfss-sahin.com'  target=\"_blank\"  rel=\"noopener noreferrer\" >info@lfss-sahin.com<\/a><\/h3><\/header><div class='iconbox_content_container '  itemprop=\"text\" ><\/div><\/div><footer class=\"entry-footer\"><\/footer><\/article><\/div><\/div><\/div><\/div><!-- close content main div --><\/div><\/div><div id='after_section_2'  class='main_color av_default_container_wrap container_wrap sidebar_left'  ><div class='container av-section-cont-open' ><div class='template-page content  av-content-small units'><div class='post-entry post-entry-type-page post-entry-143'><div class='entry-content-wrapper clearfix'>\n<style type=\"text\/css\" data-created_by=\"avia_inline_auto\" id=\"style-css-av-jpsh4s9o-096a0cc413b5d4ee5573d87b8267965a\">\n#top .hr.hr-invisible.av-jpsh4s9o-096a0cc413b5d4ee5573d87b8267965a{\nheight:13px;\n}\n<\/style>\n<div  class='hr av-jpsh4s9o-096a0cc413b5d4ee5573d87b8267965a hr-invisible  avia-builder-el-11  el_after_av_section  el_before_av_three_fifth  avia-builder-el-first '><span class='hr-inner '><span class=\"hr-inner-style\"><\/span><\/span><\/div><\/p>\n\n<style type=\"text\/css\" data-created_by=\"avia_inline_auto\" id=\"style-css-av-bcv8v-08ced0947b5ed85009948a27c7ae2699\">\n.flex_column.av-bcv8v-08ced0947b5ed85009948a27c7ae2699{\nborder-radius:0px 0px 0px 0px;\npadding:0px 0px 0px 0px;\n}\n<\/style>\n<div  class='flex_column av-bcv8v-08ced0947b5ed85009948a27c7ae2699 av_three_fifth  avia-builder-el-12  el_after_av_hr  el_before_av_two_fifth  first flex_column_div av-zero-column-padding  '     ><p>\n<style type=\"text\/css\" data-created_by=\"avia_inline_auto\" id=\"style-css-av-beh47-eef69fe2a6cd1c356acdd9b3887051d8\">\n#top .av-special-heading.av-beh47-eef69fe2a6cd1c356acdd9b3887051d8{\npadding-bottom:25px;\nfont-size:20px;\n}\nbody .av-special-heading.av-beh47-eef69fe2a6cd1c356acdd9b3887051d8 .av-special-heading-tag .heading-char{\nfont-size:25px;\n}\n#top #wrap_all .av-special-heading.av-beh47-eef69fe2a6cd1c356acdd9b3887051d8 .av-special-heading-tag{\nfont-size:20px;\n}\n.av-special-heading.av-beh47-eef69fe2a6cd1c356acdd9b3887051d8 .av-subheading{\nfont-size:15px;\n}\n\n@media only screen and (min-width: 480px) and (max-width: 767px){ \n#top #wrap_all .av-special-heading.av-beh47-eef69fe2a6cd1c356acdd9b3887051d8 .av-special-heading-tag{\nfont-size:0.8em;\n}\n}\n\n@media only screen and (max-width: 479px){ \n#top #wrap_all .av-special-heading.av-beh47-eef69fe2a6cd1c356acdd9b3887051d8 .av-special-heading-tag{\nfont-size:0.8em;\n}\n}\n<\/style>\n<div  class='av-special-heading av-beh47-eef69fe2a6cd1c356acdd9b3887051d8 av-special-heading-h2 blockquote modern-quote  avia-builder-el-13  el_before_av_contact  avia-builder-el-first  av-inherit-size'><h2 class='av-special-heading-tag'  itemprop=\"headline\"  >\u0130LET\u0130\u015e\u0130M FORMU<\/h2><div class=\"special-heading-border\"><div class=\"special-heading-inner-border\"><\/div><\/div><\/div><br \/>\n<form action=\"https:\/\/lfss-sahin.com\/?page_id=143\" method=\"post\" data-fields-with-error=\"Found errors in the following field(s):\" class=\"avia_ajax_form av-form-labels-hidden   avia-builder-el-14  el_after_av_heading  avia-builder-el-last   \" data-avia-form-id=\"1\" data-avia-redirect='' ><fieldset><p class='  first_form  form_element form_element_half' id='element_avia_1_1'><label for=\"avia_1_1\">Ad Soyad <abbr class=\"required\" title=\"Zorunlu\">*<\/abbr><\/label> <input name=\"avia_1_1\" class=\"text_input is_empty\" type=\"text\" id=\"avia_1_1\" value=\"\"  placeholder='Ad Soyad*'\/><\/p><p class='  form_element form_element_half' id='element_avia_2_1'><label for=\"avia_2_1\">Telefon<\/label> <input name=\"avia_2_1\" class=\"text_input \" type=\"text\" id=\"avia_2_1\" value=\"\"  placeholder='Telefon'\/><\/p><p class='  first_form  form_element form_fullwidth' id='element_avia_3_1'><label for=\"avia_3_1\">E-Posta <abbr class=\"required\" title=\"Zorunlu\">*<\/abbr><\/label> <input name=\"avia_3_1\" class=\"text_input is_email\" type=\"text\" id=\"avia_3_1\" value=\"\"  placeholder='E-Posta*'\/><\/p><p class='  first_form  form_element form_fullwidth' id='element_avia_4_1'><label for=\"avia_4_1\" class=\"textare_label hidden textare_label_avia_4_1\">Mesaj <abbr class=\"required\" title=\"Zorunlu\">*<\/abbr><\/label><textarea  placeholder='Mesaj*' name=\"avia_4_1\" class=\"text_area is_empty\" cols=\"40\" rows=\"7\" id=\"avia_4_1\" ><\/textarea><\/p><p class=\"hidden\"><input type=\"text\" name=\"avia_5_1\" class=\"hidden \" id=\"avia_5_1\" value=\"\" \/><\/p><p class='   form_element form_fullwidth' id='element_avia_6_1'><span class='value_verifier_label'>2 + 0 = ?<\/span><input name=\"avia_6_1_verifier\" type=\"hidden\" id=\"avia_6_1_verifier\" value=\"824414441\"\/><label for=\"avia_6_1\">L\u00fctfen denklemi \u00e7\u00f6zerek insan oldu\u011funuzu kan\u0131tlay\u0131n\u0131z <abbr class=\"required\" title=\"Zorunlu\">*<\/abbr><\/label><input name=\"avia_6_1\" class=\"text_input captcha\" type=\"text\" id=\"avia_6_1\" value=\"\"\/><\/p><p class=\"form_element \"><input type=\"hidden\" value=\"1\" name=\"avia_generated_form1\" \/><input type=\"submit\" value=\"G\u00d6NDER\" class=\"button\"  data-sending-label=\"G\u00f6nderiliyor\"\/><\/p><\/fieldset><\/form><div id=\"ajaxresponse_1\" class=\"ajaxresponse ajaxresponse_1 hidden\"><\/div><\/p><\/div>\n\n<style type=\"text\/css\" data-created_by=\"avia_inline_auto\" id=\"style-css-av-bcv8v-ad1bcd4425425527bc3df289835c8b15\">\n.flex_column.av-bcv8v-ad1bcd4425425527bc3df289835c8b15{\nborder-radius:0px 0px 0px 0px;\npadding:18px 15px 10px 15px;\nbackground-color:#ffffff;\n}\n<\/style>\n<div  class='flex_column av-bcv8v-ad1bcd4425425527bc3df289835c8b15 av_two_fifth  avia-builder-el-15  el_after_av_three_fifth  avia-builder-el-last  flex_column_div  '     ><p>\n<style type=\"text\/css\" data-created_by=\"avia_inline_auto\" id=\"style-css-av-9sthz-706f85cc089ada1c77a33b520f40a6cc\">\n#top .av-special-heading.av-9sthz-706f85cc089ada1c77a33b520f40a6cc{\npadding-bottom:18px;\nfont-size:20px;\n}\nbody .av-special-heading.av-9sthz-706f85cc089ada1c77a33b520f40a6cc .av-special-heading-tag .heading-char{\nfont-size:25px;\n}\n#top #wrap_all .av-special-heading.av-9sthz-706f85cc089ada1c77a33b520f40a6cc .av-special-heading-tag{\nfont-size:20px;\n}\n.av-special-heading.av-9sthz-706f85cc089ada1c77a33b520f40a6cc .av-subheading{\nfont-size:15px;\n}\n\n@media only screen and (min-width: 480px) and (max-width: 767px){ \n#top #wrap_all .av-special-heading.av-9sthz-706f85cc089ada1c77a33b520f40a6cc .av-special-heading-tag{\nfont-size:0.8em;\n}\n}\n\n@media only screen and (max-width: 479px){ \n#top #wrap_all .av-special-heading.av-9sthz-706f85cc089ada1c77a33b520f40a6cc .av-special-heading-tag{\nfont-size:0.8em;\n}\n}\n<\/style>\n<div  class='av-special-heading av-9sthz-706f85cc089ada1c77a33b520f40a6cc av-special-heading-h2 blockquote modern-quote  avia-builder-el-16  el_before_av_codeblock  avia-builder-el-first  av-inherit-size'><h2 class='av-special-heading-tag'  itemprop=\"headline\"  >KONUM B\u0130LG\u0130LER\u0130<\/h2><div class=\"special-heading-border\"><div class=\"special-heading-inner-border\"><\/div><\/div><\/div><br \/>\n<\/p><\/div>\n","protected":false},"excerpt":{"rendered":"","protected":false},"author":1,"featured_media":0,"parent":0,"menu_order":0,"comment_status":"closed","ping_status":"closed","template":"","meta":{"footnotes":""},"aioseo_notices":[],"_links":{"self":[{"href":"https:\/\/lfss-sahin.com\/index.php?rest_route=\/wp\/v2\/pages\/143"}],"collection":[{"href":"https:\/\/lfss-sahin.com\/index.php?rest_route=\/wp\/v2\/pages"}],"about":[{"href":"https:\/\/lfss-sahin.com\/index.php?rest_route=\/wp\/v2\/types\/page"}],"author":[{"embeddable":true,"href":"https:\/\/lfss-sahin.com\/index.php?rest_route=\/wp\/v2\/users\/1"}],"replies":[{"embeddable":true,"href":"https:\/\/lfss-sahin.com\/index.php?rest_route=%2Fwp%2Fv2%2Fcomments&post=143"}],"version-history":[{"count":2,"href":"https:\/\/lfss-sahin.com\/index.php?rest_route=\/wp\/v2\/pages\/143\/revisions"}],"predecessor-version":[{"id":1045,"href":"https:\/\/lfss-sahin.com\/index.php?rest_route=\/wp\/v2\/pages\/143\/revisions\/1045"}],"wp:attachment":[{"href":"https:\/\/lfss-sahin.com\/index.php?rest_route=%2Fwp%2Fv2%2Fmedia&parent=143"}],"curies":[{"name":"wp","href":"https:\/\/api.w.org\/{rel}","templated":true}]}}