{"id":198,"date":"2018-12-16T23:45:26","date_gmt":"2018-12-16T23:45:26","guid":{"rendered":"https:\/\/lfss-sahin.com\/?page_id=198"},"modified":"2021-10-21T09:50:37","modified_gmt":"2021-10-21T09:50:37","slug":"uretim","status":"publish","type":"page","link":"https:\/\/lfss-sahin.com\/?page_id=198","title":{"rendered":"\u00dcRET\u0130M"},"content":{"rendered":"<div id='videobasliklar'  class='avia-section av-jprj4235-055bcd45b9a34fd50817fdf111f985be main_color avia-section-default avia-no-border-styling  avia-builder-el-0  avia-builder-el-no-sibling  avia-bg-style-scroll container_wrap sidebar_left'  ><div class='container av-section-cont-open' ><main  role=\"main\" itemprop=\"mainContentOfPage\"  class='template-page content  av-content-small units'><div class='post-entry post-entry-type-page post-entry-198'><div class='entry-content-wrapper clearfix'>\n\n<style type=\"text\/css\" data-created_by=\"avia_inline_auto\" id=\"style-css-av-jpsh9ys0-5b32c3e9e25ca3b3c691f0ad0bb666bf\">\n#top .hr.hr-invisible.av-jpsh9ys0-5b32c3e9e25ca3b3c691f0ad0bb666bf{\nheight:15px;\n}\n<\/style>\n<div  class='hr av-jpsh9ys0-5b32c3e9e25ca3b3c691f0ad0bb666bf hr-invisible  avia-builder-el-1  el_before_av_one_full  avia-builder-el-first '><span class='hr-inner '><span class=\"hr-inner-style\"><\/span><\/span><\/div>\n\n<style type=\"text\/css\" data-created_by=\"avia_inline_auto\" id=\"style-css-av-bcv8v-08ced0947b5ed85009948a27c7ae2699\">\n.flex_column.av-bcv8v-08ced0947b5ed85009948a27c7ae2699{\nborder-radius:0px 0px 0px 0px;\npadding:0px 0px 0px 0px;\n}\n<\/style>\n<div  class='flex_column av-bcv8v-08ced0947b5ed85009948a27c7ae2699 av_one_full  avia-builder-el-2  el_after_av_hr  el_before_av_gallery  first flex_column_div av-zero-column-padding  '     ><style type=\"text\/css\" data-created_by=\"avia_inline_auto\" id=\"style-css-av-av_heading-79720b899f877cd044450ac84acd6049\">\n#top .av-special-heading.av-av_heading-79720b899f877cd044450ac84acd6049{\npadding-bottom:34px;\nfont-size:20px;\n}\nbody .av-special-heading.av-av_heading-79720b899f877cd044450ac84acd6049 .av-special-heading-tag .heading-char{\nfont-size:25px;\n}\n#top #wrap_all .av-special-heading.av-av_heading-79720b899f877cd044450ac84acd6049 .av-special-heading-tag{\nfont-size:20px;\n}\n.av-special-heading.av-av_heading-79720b899f877cd044450ac84acd6049 .av-subheading{\nfont-size:15px;\n}\n\n@media only screen and (min-width: 480px) and (max-width: 767px){ \n#top #wrap_all .av-special-heading.av-av_heading-79720b899f877cd044450ac84acd6049 .av-special-heading-tag{\nfont-size:0.8em;\n}\n}\n\n@media only screen and (max-width: 479px){ \n#top #wrap_all .av-special-heading.av-av_heading-79720b899f877cd044450ac84acd6049 .av-special-heading-tag{\nfont-size:0.8em;\n}\n}\n<\/style>\n<div  class='av-special-heading av-av_heading-79720b899f877cd044450ac84acd6049 av-special-heading-h2 blockquote modern-quote  avia-builder-el-3  avia-builder-el-no-sibling  av-inherit-size'><h2 class='av-special-heading-tag'  itemprop=\"headline\"  >\u00dcRET\u0130M ALANI<\/h2><div class=\"special-heading-border\"><div class=\"special-heading-inner-border\"><\/div><\/div><\/div><\/div>\n<style type=\"text\/css\" data-created_by=\"avia_inline_auto\" id=\"style-css-av-jq02jcae-c06e2ad6ebeb665d3058ac77f2b6495d\">\n#top .avia-gallery.av-jq02jcae-c06e2ad6ebeb665d3058ac77f2b6495d .avia-gallery-thumb a{\nwidth:33.3333%;\n}\n<\/style>\n<div  class='avia-gallery av-jq02jcae-c06e2ad6ebeb665d3058ac77f2b6495d avia_animate_when_visible  avia-builder-el-4  el_after_av_one_full  avia-builder-el-last  avia_lazyload avia-gallery-animate avia-gallery-1'  itemprop=\"image\" itemscope=\"itemscope\" itemtype=\"https:\/\/schema.org\/ImageObject\" ><meta itemprop=\"contentURL\" content=\"https:\/\/lfss-sahin.com\/?page_id=198\"><div class='avia-gallery-thumb'><a href=\"https:\/\/lfss-sahin.com\/wp-content\/uploads\/lfss-sahin-makina-uretim-production6.jpg\" data-srcset=\"https:\/\/lfss-sahin.com\/wp-content\/uploads\/lfss-sahin-makina-uretim-production6.jpg 790w, https:\/\/lfss-sahin.com\/wp-content\/uploads\/lfss-sahin-makina-uretim-production6-80x53.jpg 80w, https:\/\/lfss-sahin.com\/wp-content\/uploads\/lfss-sahin-makina-uretim-production6-768x512.jpg 768w, https:\/\/lfss-sahin.com\/wp-content\/uploads\/lfss-sahin-makina-uretim-production6-705x470.jpg 705w, https:\/\/lfss-sahin.com\/wp-content\/uploads\/lfss-sahin-makina-uretim-production6-600x400.jpg 600w\" data-sizes=\"(max-width: 790px) 100vw, 790px\" data-rel='gallery-1' data-prev-img='https:\/\/lfss-sahin.com\/wp-content\/uploads\/lfss-sahin-makina-uretim-production6-495x400.jpg' class='first_thumb lightbox ' data-onclick='1' title='LFSS \u015eahin Makina \u00dcretim Alan\u0131, Production Area'  itemprop=\"thumbnailUrl\"  ><img decoding=\"async\" fetchpriority=\"high\" class=\"wp-image-834 avia-img-lazy-loading-not-834\"  data-avia-tooltip='LFSS \u015eahin Makina \u00dcretim Alan\u0131, Production Area' src=\"https:\/\/lfss-sahin.com\/wp-content\/uploads\/lfss-sahin-makina-uretim-production6.jpg\" width=\"790\" height=\"527\"  title='LFSS \u015eahin Makina \u00dcretim Alan\u0131, Production Area' alt='LFSS \u015eahin Makina \u00dcretim Alan\u0131, Production Area' srcset=\"https:\/\/lfss-sahin.com\/wp-content\/uploads\/lfss-sahin-makina-uretim-production6.jpg 790w, https:\/\/lfss-sahin.com\/wp-content\/uploads\/lfss-sahin-makina-uretim-production6-80x53.jpg 80w, https:\/\/lfss-sahin.com\/wp-content\/uploads\/lfss-sahin-makina-uretim-production6-768x512.jpg 768w, https:\/\/lfss-sahin.com\/wp-content\/uploads\/lfss-sahin-makina-uretim-production6-705x470.jpg 705w, https:\/\/lfss-sahin.com\/wp-content\/uploads\/lfss-sahin-makina-uretim-production6-600x400.jpg 600w\" sizes=\"(max-width: 790px) 100vw, 790px\" \/><div class='big-prev-fake'><img decoding=\"async\" loading=\"lazy\" class=\"wp-image-834 avia-img-lazy-loading-834\"  width=\"495\" height=\"400\" src=\"https:\/\/lfss-sahin.com\/wp-content\/uploads\/lfss-sahin-makina-uretim-production6-495x400.jpg\" title='LFSS \u015eahin Makina \u00dcretim Alan\u0131, Production Area' alt='LFSS \u015eahin Makina \u00dcretim Alan\u0131, Production Area' \/><\/div><\/a><a href=\"https:\/\/lfss-sahin.com\/wp-content\/uploads\/lfss-sahin-makina-uretim-production4.jpg\" data-srcset=\"https:\/\/lfss-sahin.com\/wp-content\/uploads\/lfss-sahin-makina-uretim-production4.jpg 790w, https:\/\/lfss-sahin.com\/wp-content\/uploads\/lfss-sahin-makina-uretim-production4-80x53.jpg 80w, https:\/\/lfss-sahin.com\/wp-content\/uploads\/lfss-sahin-makina-uretim-production4-768x512.jpg 768w, https:\/\/lfss-sahin.com\/wp-content\/uploads\/lfss-sahin-makina-uretim-production4-705x470.jpg 705w, https:\/\/lfss-sahin.com\/wp-content\/uploads\/lfss-sahin-makina-uretim-production4-600x400.jpg 600w\" data-sizes=\"(max-width: 790px) 100vw, 790px\" data-rel='gallery-1' data-prev-img='https:\/\/lfss-sahin.com\/wp-content\/uploads\/lfss-sahin-makina-uretim-production4-495x400.jpg' class='lightbox ' data-onclick='2' title='LFSS \u015eahin Makina \u00dcretim Alan\u0131, Production Area'  itemprop=\"thumbnailUrl\"  ><img decoding=\"async\" fetchpriority=\"high\" class=\"wp-image-832 avia-img-lazy-loading-not-832\"  data-avia-tooltip='LFSS \u015eahin Makina \u00dcretim Alan\u0131, Production Area' src=\"https:\/\/lfss-sahin.com\/wp-content\/uploads\/lfss-sahin-makina-uretim-production4.jpg\" width=\"790\" height=\"527\"  title='LFSS \u015eahin Makina \u00dcretim Alan\u0131, Production Area' alt='LFSS \u015eahin Makina \u00dcretim Alan\u0131, Production Area' srcset=\"https:\/\/lfss-sahin.com\/wp-content\/uploads\/lfss-sahin-makina-uretim-production4.jpg 790w, https:\/\/lfss-sahin.com\/wp-content\/uploads\/lfss-sahin-makina-uretim-production4-80x53.jpg 80w, https:\/\/lfss-sahin.com\/wp-content\/uploads\/lfss-sahin-makina-uretim-production4-768x512.jpg 768w, https:\/\/lfss-sahin.com\/wp-content\/uploads\/lfss-sahin-makina-uretim-production4-705x470.jpg 705w, https:\/\/lfss-sahin.com\/wp-content\/uploads\/lfss-sahin-makina-uretim-production4-600x400.jpg 600w\" sizes=\"(max-width: 790px) 100vw, 790px\" \/><div class='big-prev-fake'><img decoding=\"async\" loading=\"lazy\" class=\"wp-image-832 avia-img-lazy-loading-832\"  width=\"495\" height=\"400\" src=\"https:\/\/lfss-sahin.com\/wp-content\/uploads\/lfss-sahin-makina-uretim-production4-495x400.jpg\" title='LFSS \u015eahin Makina \u00dcretim Alan\u0131, Production Area' alt='LFSS \u015eahin Makina \u00dcretim Alan\u0131, Production Area' \/><\/div><\/a><a href=\"https:\/\/lfss-sahin.com\/wp-content\/uploads\/lfss-sahin-makina-uretim-production1.jpg\" data-srcset=\"https:\/\/lfss-sahin.com\/wp-content\/uploads\/lfss-sahin-makina-uretim-production1.jpg 790w, https:\/\/lfss-sahin.com\/wp-content\/uploads\/lfss-sahin-makina-uretim-production1-80x53.jpg 80w, https:\/\/lfss-sahin.com\/wp-content\/uploads\/lfss-sahin-makina-uretim-production1-768x512.jpg 768w, https:\/\/lfss-sahin.com\/wp-content\/uploads\/lfss-sahin-makina-uretim-production1-705x470.jpg 705w, https:\/\/lfss-sahin.com\/wp-content\/uploads\/lfss-sahin-makina-uretim-production1-600x400.jpg 600w\" data-sizes=\"(max-width: 790px) 100vw, 790px\" data-rel='gallery-1' data-prev-img='https:\/\/lfss-sahin.com\/wp-content\/uploads\/lfss-sahin-makina-uretim-production1-495x400.jpg' class='lightbox ' data-onclick='3' title='LFSS \u015eahin Makina \u00dcretim Alan\u0131, Production Area'  itemprop=\"thumbnailUrl\"  ><img decoding=\"async\" fetchpriority=\"high\" class=\"wp-image-829 avia-img-lazy-loading-not-829\"  data-avia-tooltip='LFSS \u015eahin Makina \u00dcretim Alan\u0131, Production Area' src=\"https:\/\/lfss-sahin.com\/wp-content\/uploads\/lfss-sahin-makina-uretim-production1.jpg\" width=\"790\" height=\"527\"  title='LFSS \u015eahin Makina \u00dcretim Alan\u0131, Production Area' alt='LFSS \u015eahin Makina \u00dcretim Alan\u0131, Production Area' srcset=\"https:\/\/lfss-sahin.com\/wp-content\/uploads\/lfss-sahin-makina-uretim-production1.jpg 790w, https:\/\/lfss-sahin.com\/wp-content\/uploads\/lfss-sahin-makina-uretim-production1-80x53.jpg 80w, https:\/\/lfss-sahin.com\/wp-content\/uploads\/lfss-sahin-makina-uretim-production1-768x512.jpg 768w, https:\/\/lfss-sahin.com\/wp-content\/uploads\/lfss-sahin-makina-uretim-production1-705x470.jpg 705w, https:\/\/lfss-sahin.com\/wp-content\/uploads\/lfss-sahin-makina-uretim-production1-600x400.jpg 600w\" sizes=\"(max-width: 790px) 100vw, 790px\" \/><div class='big-prev-fake'><img decoding=\"async\" loading=\"lazy\" class=\"wp-image-829 avia-img-lazy-loading-829\"  width=\"495\" height=\"400\" src=\"https:\/\/lfss-sahin.com\/wp-content\/uploads\/lfss-sahin-makina-uretim-production1-495x400.jpg\" title='LFSS \u015eahin Makina \u00dcretim Alan\u0131, Production Area' alt='LFSS \u015eahin Makina \u00dcretim Alan\u0131, Production Area' \/><\/div><\/a><a href=\"https:\/\/lfss-sahin.com\/wp-content\/uploads\/lfss-sahin-makina-uretim-production5.jpg\" data-srcset=\"https:\/\/lfss-sahin.com\/wp-content\/uploads\/lfss-sahin-makina-uretim-production5.jpg 553w, https:\/\/lfss-sahin.com\/wp-content\/uploads\/lfss-sahin-makina-uretim-production5-80x53.jpg 80w\" data-sizes=\"(max-width: 553px) 100vw, 553px\" data-rel='gallery-1' data-prev-img='https:\/\/lfss-sahin.com\/wp-content\/uploads\/lfss-sahin-makina-uretim-production5-495x369.jpg' class='first_thumb lightbox ' data-onclick='4' title='LFSS \u015eahin Makina \u00dcretim Alan\u0131, Production Area'  itemprop=\"thumbnailUrl\"  ><img decoding=\"async\" fetchpriority=\"high\" class=\"wp-image-833 avia-img-lazy-loading-not-833\"  data-avia-tooltip='LFSS \u015eahin Makina \u00dcretim Alan\u0131, Production Area' src=\"https:\/\/lfss-sahin.com\/wp-content\/uploads\/lfss-sahin-makina-uretim-production5.jpg\" width=\"553\" height=\"369\"  title='LFSS \u015eahin Makina \u00dcretim Alan\u0131, Production Area' alt='LFSS \u015eahin Makina \u00dcretim Alan\u0131, Production Area' srcset=\"https:\/\/lfss-sahin.com\/wp-content\/uploads\/lfss-sahin-makina-uretim-production5.jpg 553w, https:\/\/lfss-sahin.com\/wp-content\/uploads\/lfss-sahin-makina-uretim-production5-80x53.jpg 80w\" sizes=\"(max-width: 553px) 100vw, 553px\" \/><div class='big-prev-fake'><img decoding=\"async\" loading=\"lazy\" class=\"wp-image-833 avia-img-lazy-loading-833\"  width=\"495\" height=\"369\" src=\"https:\/\/lfss-sahin.com\/wp-content\/uploads\/lfss-sahin-makina-uretim-production5-495x369.jpg\" title='LFSS \u015eahin Makina \u00dcretim Alan\u0131, Production Area' alt='LFSS \u015eahin Makina \u00dcretim Alan\u0131, Production Area' \/><\/div><\/a><\/div><\/div>\n<\/div><\/div><\/main><!-- close content main element --><\/div><\/div><div id='after_section_1'  class='main_color av_default_container_wrap container_wrap sidebar_left'  ><div class='container av-section-cont-open' ><div class='template-page content  av-content-small units'><div class='post-entry post-entry-type-page post-entry-198'><div class='entry-content-wrapper clearfix'>\n","protected":false},"excerpt":{"rendered":"","protected":false},"author":1,"featured_media":0,"parent":0,"menu_order":0,"comment_status":"closed","ping_status":"closed","template":"","meta":{"footnotes":""},"aioseo_notices":[],"_links":{"self":[{"href":"https:\/\/lfss-sahin.com\/index.php?rest_route=\/wp\/v2\/pages\/198"}],"collection":[{"href":"https:\/\/lfss-sahin.com\/index.php?rest_route=\/wp\/v2\/pages"}],"about":[{"href":"https:\/\/lfss-sahin.com\/index.php?rest_route=\/wp\/v2\/types\/page"}],"author":[{"embeddable":true,"href":"https:\/\/lfss-sahin.com\/index.php?rest_route=\/wp\/v2\/users\/1"}],"replies":[{"embeddable":true,"href":"https:\/\/lfss-sahin.com\/index.php?rest_route=%2Fwp%2Fv2%2Fcomments&post=198"}],"version-history":[{"count":0,"href":"https:\/\/lfss-sahin.com\/index.php?rest_route=\/wp\/v2\/pages\/198\/revisions"}],"wp:attachment":[{"href":"https:\/\/lfss-sahin.com\/index.php?rest_route=%2Fwp%2Fv2%2Fmedia&parent=198"}],"curies":[{"name":"wp","href":"https:\/\/api.w.org\/{rel}","templated":true}]}}